its digit of k(i)?
1
Let q be (5/(-2))/(4/(-8)). Suppose -q*v + 88 = -2. What is the tens digit of v?
1
Let d = 6 - 4. Let m = -28 + 41. Let p = d + m. What is the units digit of p?
5
Let w(p) = 4*p**2 - 3*p + 11. What is the tens digit of w(3)?
3
Let w(d) = d. Let v(l) = 7*l + 5. Let a(r) = v(r) - 6*w(r). Let g be (-1)/2 - (-7)/(-2). What is the units digit of a(g)?
1
Suppose 126 = 6*s - 3*s. Suppose -4*i - s = -5*i - 4*q, -2*i = 5*q - 69. What is the tens digit of i?
2
Let z(p) = -2*p - 1. Suppose -8 = -4*k + 8. Let r be 2/(k/(-6)) + 0. What is the units digit of z(r)?
5
Let w(j) = j**3 - 2*j. What is the tens digit of w(3)?
2
Let w = -6 - -9. Suppose -w*r - 30 = 24. What is the units digit of (-166)/r + (-2)/9?
9
Let l = 41 - 27. Let t = -7 + l. Suppose 1 = 4*a - t. What is the units digit of a?
2
Let u be 0 + -1 + 7 - 2. Let b be (-86)/(-18) - u/(-18). Let r = b + -2. What is the units digit of r?
3
Let i = 550 + -329. What is the units digit of i?
1
Suppose 0 = -5*o + 10*o - 205. What is the units digit of o?
1
Suppose 5*q - 4*u = -2*u + 354, 0 = -5*u + 15. What is the units digit of q?
2
Let a = -40 + 56. What is the units digit of a?
6
Let x(k) = -k**2 - 5*k + 5. Suppose 5*n + m - 7 = 0, -5*n + 2*m + 14 = -n. Suppose -2 = l + n. What is the units digit of x(l)?
9
Let g(t) be the third derivative of -t**4/24 + 5*t**3/6 - t**2. Suppose 2*f = 4*q + 3*f + 27, 0 = -3*q - 3*f - 27. What is the tens digit of g(q)?
1
Let s be 22*2 + -3 + 4. Let h be -2*(s/(-6))/5. Suppose w + 16 = -0*c + 3*c, -10 = -h*c - 5*w. What is the units digit of c?
5
What is the units digit of ((-1)/(-2))/((-2)/(-4))?
1
Suppose -x + 6*x + s = 137, 35 = x + 4*s. What is the units digit of x?
7
Let i(x) = x**3 - 5*x**2 + 4. Let z = -15 - -20. What is the units digit of i(z)?
4
Suppose 5*b = -1 + 6. Suppose n = 1 + b. Suppose -3*p = n*p - 90. What is the tens digit of p?
1
Suppose -2*n + 134 = 4*l - 336, 3*n - 586 = -5*l. What is the units digit of l?
9
Let a = 70 - 33. What is the tens digit of a?
3
Let g = 119 - -20. What is the hundreds digit of g?
1
Let q = 6 - 3. Let j be ((-2)/(6/q))/1. What is the units digit of 38*1/(1 - j)?
9
Let j(w) = -w**3 - 14*w**2 + 16*w + 19. What is the units digit of j(-15)?
4
Suppose 3*s + 8 = -4*c + 25, 0 = -c + 5*s - 13. Suppose 37 - 1 = c*b. What is the units digit of b?
8
Suppose -x = 2*x - 9. Let t(c) = c**2 - c - 2. Let z be t(x). What is the units digit of (z/12)/(1/12)?
4
Let p(u) = 5*u**2 + 4*u + 4. Let x be p(-2). Suppose -x - 33 = -d. What is the units digit of d?
9
What is the units digit of (-4)/(192/(-93) - -2)?
2
Suppose -16 + 60 = -2*x. Let c(s) = 3*s - 1. Let y(o) = 13*o - 4. Let p(r) = x*c(r) + 6*y(r). What is the units digit of p(2)?
2
Let t(j) = j - 13. Let q be t(9). What is the units digit of (-84)/q - (-2)/(-2)?
0
Let s be (1 + -2 - 0)*-2. Suppose -s*j + 3*a = -16, -j - 3*a + 21 = 2*a. What is the units digit of j?
1
Let p = 18 + 14. What is the units digit of p?
2
Suppose 4*p + g = 4*g, 0 = 4*p + 5*g. Suppose -n + 5*b = 24, 5*b = -3*n - p*b + 28. What is the units digit of n?
1
Let k = -11 - -12. What is the units digit of k?
1
Let g be 1/(0 - (-2 - -1)). Let i be -2 - (g - (8 - 2)). What is the units digit of 50/i + (-10)/15?
6
Let b = -21 + 15. Let f(d) = d**2 + 3*d + 3. Let s be f(b). Suppose -2*x - 3 = -s. What is the units digit of x?
9
Suppose -3 - 1 = 2*v - 5*u, 2*v + 4*u - 32 = 0. Let w(y) = 9*y + 25. Let x(m) = 5*m + 12. Let p(t) = 6*w(t) - 11*x(t). What is the tens digit of p(v)?
1
What is the units digit of 18 + (0 + 20)/(-4)?
3
Let j be 89/4 - (-2)/(-8). What is the units digit of ((-68)/10)/(j/(-55))?
7
Suppose t - 39 = -0*t. Suppose 2*k = -3 + t. What is the tens digit of k?
1
Let m = 3 + 1. Suppose 6*c = 2*c - m. What is the units digit of (2/c - -9) + 0?
7
Suppose -1 + 5 = -2*f - 2*x, -x = 3*f + 12. Let h(j) = -2*j + 5. What is the tens digit of h(f)?
1
Suppose t + t + 10 = 0, 4*j - 4*t = 68. Suppose -x - x = -j. What is the units digit of x?
6
Suppose -2*d - 3*d = -15. Let o = d + -2. What is the units digit of o?
1
Suppose -27 = -2*n + 63. What is the tens digit of n?
4
Suppose 5*p - 4*a - 505 = 0, p - 3*p - 2*a + 220 = 0. What is the hundreds digit of p?
1
Let s = 25 + -22. Suppose -5*x - 34 = -s*u, 4*u + 4*x = -5 + 61. What is the units digit of u?
3
What is the tens digit of ((-4)/(-6))/((-12)/(-396))?
2
Let l = 2 + 3. Let t(p) = 3 + 8*p - 6 - p**2 + 0*p. What is the tens digit of t(l)?
1
Let b = 84 - 54. Let s = 44 - b. What is the units digit of s?
4
Let y = 2 - 1. Let a be 2 + -2 + y - -2. Suppose 6 = a*n - 15. What is the units digit of n?
7
Let b = -107 + 185. Suppose 2*v = -2*v - x + b, -3*v + 2*x + 64 = 0. What is the units digit of v?
0
Suppose -138 = -8*g + 5*g. What is the tens digit of g?
4
Let z = 8 - 5. Let w = z - 1. Suppose 0 = -w*o - 3*o + 65. What is the units digit of o?
3
Let j = 4 - 2. Let h = j - -1. What is the units digit of h?
3
Let m = -27 - -112. What is the tens digit of m?
8
Let n(g) = -g**3 + 9*g**2 + 9*g + 12. Let l be n(10). Suppose 4*y - 15 = -l*q + 19, -3*y + 2*q = -15. What is the units digit of y?
7
Let q = 1 + 1. Suppose 4*l = -q*u + 74, -3*u + 12 = -3. What is the units digit of l?
6
Suppose -2*m + 80 = 4*d - 0*m, -20 = -d - 3*m. What is the units digit of d?
0
Let t(p) = -p**2 - 3*p + 2. Let i be t(2). Let v = 13 + i. Suppose c - 4*c = 5*d - 27, 3*d + 11 = v*c. What is the units digit of c?
4
Let f(l) = -l**3 + 17*l**2 - 14*l - 11. What is the units digit of f(14)?
1
Let f(o) = -o + 11. Let l be f(7). Suppose -2*p + l*t = 3*p + 16, -5*t = -20. Suppose -i + p*i + 1 = 0. What is the units digit of i?
1
What is the units digit of ((-204)/16)/(-1) + (-2)/(-8)?
3
Suppose -340 = -23*z + 19*z. What is the units digit of z?
5
Let n = -11 + 15. What is the units digit of n?
4
Suppose 4*s - 728 = 452. What is the hundreds digit of s?
2
Let a(v) = -4 + 0*v - v**2 + 2 - 9*v + v. Let d be a(-7). Suppose 19 = d*c + 4. What is the units digit of c?
3
Let v(k) = k**2 + 7*k - 13. What is the tens digit of v(-10)?
1
Let t(c) be the second derivative of c**4/12 - 4*c**3/3 + 7*c**2/2 + c. Let r be t(7). Suppose r = -d - 0*d + 13. What is the tens digit of d?
1
Let v = -23 - -19. Let b(y) = y**2 + 5*y + 5. What is the units digit of b(v)?
1
Let j(s) = -5*s - 21. Let c be j(-8). Suppose 6 = d + 3. Suppose 5*m + 24 = 2*k, -1 = d*k - 3*m - c. What is the units digit of k?
2
Let o = 4 - 0. Suppose 2*y - 26 = 2*w, o*w + 3 = -1. Let s = y - 6. What is the units digit of s?
6
Suppose 5*j + 4*z + 51 = 0, -2*j - 2*z = 10 + 12. Let f = j - -14. What is the units digit of f?
7
Let y(k) = -144*k - 4. What is the hundreds digit of y(-1)?
1
Suppose -2*f - c + 291 = 0, -125 = 2*f - 3*c - 412. What is the hundreds digit of f?
1
Let g = 1 - -7. Suppose -25 = -4*o - 5*j, j + 3 = 2*o + g. Suppose -b + 1 = -o*b. What is the units digit of b?
1
Let k = -14 + 56. What is the tens digit of k?
4
Suppose -3*r + 255 + 315 = 0. Suppose 4*a = 2 + r. What is the units digit of a?
8
Suppose 18 = -7*b + 4*b. Let s = 7 - b. What is the units digit of s?
3
Suppose 0 = -11*z + 236 + 83. What is the units digit of z?
9
Let h(w) = 2*w + 8. Let m be h(-4). Suppose -v + m*v + 35 = 0. What is the units digit of v?
5
Let n be 1/3 + 236/12. Let p = n - 18. What is the units digit of p?
2
Suppose -5*b + 5 = 2*n, -4*b + 6 = -3*n + 2. Suppose -2*i + 17 = -11. Suppose n*h - i = -2*h. What is the units digit of h?
7
Let c = 83 + 71. What is the tens digit of c?
5
Suppose -5*x + 221 = 4*n, 3*n - 2*x = -n + 186. Suppose q - 5 = h, -5*q - 4*h + n = -3*h. What is the units digit of q?
9
Suppose 3*f - 4*f + 92 = -2*z, 4*z - 516 = -5*f. What is the units digit of f?
0
Suppose 3*i = 5*y + 171, -i + y = -37 - 22. Suppose 0 = -4*h + g + i, 58 = 4*h - 0*h - 3*g. What is the tens digit of h?
1
Let w(b) = 0*b**2 + 8*b - 3*b**2 - 1 + 2*b**2 - 3. Let m be w(7). Suppose 0 = -2*t - m*t - 5*q + 100, 4*t = 2*q + 80. What is the tens digit of t?
2
Let b = -45 + 105. What is the units digit of b?
0
Let d(h) = -h**2 - 2*h + 2. Let u be d(-2). What is the units digit of 2 - (u + -1 - 8)?
9
Suppose 4*w - 15 = 5*d, -2*d + 11 = 2*w - 1. What is the units digit of d?
1
Let k = -2 - -4. Suppose 0 = -k*u - 0*q - 2*q - 22, 30 = -4*u + 3*q. Let t 